k) = k + 5. Let w be u(0). Let z(s) = w - 5*s - 5 + 0*s. Give z(1).
-5
Let f(c) be the first derivative of -c**2/2 + 2*c + 35. Calculate f(7).
-5
Let r(v) be the third derivative of -1/8*v**4 + 0*v + 0 - 1/3*v**3 + 2*v**2 - 1/120*v**5. Let j(p) be the first derivative of r(p). Give j(-5).
2
Suppose 2*i + 5*s + 26 = 0, 2*s = i - 0*i - 5. Let c = -2 + i. Let v(w) = -w**3 - 5*w**2 + w + 6. Determine v(c).
1
Let b(o) = o**3 + 6*o**2 - o + 6. Let i(a) = -a**2 + 3. Let x be i(3). Determine b(x).
12
Let s(a) = -a**3 - 4*a**2 + 2*a - 1. Let m be 4/(-8)*(6 - 0). Calculate s(m).
-16
Let s be (-16)/24 + 16/6. Let u(m) = m**3 - s - 2*m**2 + 5 + 3*m - 8*m. Determine u(3).
-3
Let t(y) = -y - 5. Let h be 0 - -2 - (14 - 2). Let q be t(h). Let m(i) be the first derivative of -i**2/2 + 6*i - 3. Determine m(q).
1
Let k = -9 + 14. Suppose 2*c - 4*c + 8 = -2*r, -4*r - k*c = -29. Let o(p) = 4*p - 2*p**2 - r + p**2 - 2*p - p. Calculate o(1).
-1
Let l(u) = -2*u**2 + 3*u + 1. Let t(x) = -x**2 + x - 1. Let y(a) = l(a) - 3*t(a). Let i = -10 - -10. Calculate y(i).
4
Let k(z) = z**3 + 4*z**2 - 5*z + 7. Let l be 6/36 + 62/(-12). What is k(l)?
7
Let i(l) = l**2 - 3. Let m(k) = -k**2 - 11*k - 8. Let a be m(-10). Suppose -5*h + a = -2*y - 15, h - y - 4 = 0. Calculate i(h).
6
Let a = 7 - 3. Suppose -4*f + 5*f - 3*l - 8 = 0, 0 = -5*f + l + 12. Let g(m) = m - 8 + 0 + f. Give g(a).
-2
Let g(v) be the first derivative of v**3/3 + 5*v**2 + 13*v - 38. Calculate g(-9).
4
Let h be 4/(-12)*(-13 + 1). Suppose -h = -i + 1. Suppose i*z - 10 = -0*z. Let a(y) = y - 4. Give a(z).
-2
Let h(j) be the first derivative of -j**5/10 - j**4/12 + 2*j + 1. Let m(p) be the first derivative of h(p). Give m(-1).
1
Let t(m) = 2 - 5 - 3*m + 2*m. Let o(x) = x**2 - 7*x. Let r be o(7). What is t(r)?
-3
Let s(o) be the first derivative of -o**3/3 + 5*o**2/2 - 3*o + 1. Let t be 1*6*1/3. Suppose t*j = -0*j - 2*c + 2, 4*j - c - 9 = 0. What is s(j)?
3
Let x be (1 - -4) + (-2)/2. Let y(h) = -h**3 + 7*h**2 + 7*h + 8. Let o be y(8). Let r = o + x. Let n(d) = 2*d - 5. What is n(r)?
3
Let h(q) = 3 + 6*q**2 + 0*q - 15*q**2 - q**3 - q + 5*q**2. Give h(-3).
-3
Suppose 2*u = -2*u. Let w(a) = a**2 - a + 7. Determine w(u).
7
Let i(f) = f**3 + 5*f**2 + 4*f + 6. Suppose 3*o = -2*o - 25. Give i(o).
-14
Suppose 7*o = 3*o - 8. Let b = o + 2. Suppose b = 5*s + 5*m - m - 9, -m + 1 = 0. Let u(v) = v**3 + 2*v - 1. Give u(s).
2
Suppose -d - 1 = -3. Let l(h) = -5*h**d + h - h**3 - 5*h + h - 1 - h. Let r be (-26)/7 + (-6)/21. Determine l(r).
-1
Let p(d) = -d**2 - 2*d - 3. Let n(l) be the third derivative of l**4/24 + l**3/6 - 2*l**2. Suppose 12 = -4*s + 3*o, 3*o + 0*o = 0. Let f be n(s). What is p(f)?
-3
Suppose -30 = -5*t - 5*k, -3*t + 2*k = -t - 12. Let o(h) = -3*h + 8. What is o(t)?
-10
Let f(q) = -q**3 + 2. Let n be f(0). Let g(t) = -3*t**n + 4*t**2 + t**3 + 1 - 3*t**2 + 2*t - 2*t**3. What is g(-2)?
-3
Suppose 2*k - 30 = 4*x, 3 = 2*x + 5*k - 12. Let a(u) = u**3 - u**2 - 2 - u + 8*u**2 - 2*u**2. What is a(x)?
3
Let l be (-1 - -10)/(3/2). Let a(k) = 0*k**2 + k**2 - k - 4*k - 2. What is a(l)?
4
Suppose 3*g - n - 16 = -3, 2*g + 2 = -2*n. Suppose 6 = g*z - 0*z. Let x(b) = -b**3 + 3*b - 2. Calculate x(z).
-4
Suppose -4*k + 2*k - 2*z + 10 = 0, 0 = 4*k - 3*z + 1. Let j(u) = u**3 + u**2 - 4*u + 3. What is j(k)?
7
Let d(v) = -v**3 - v**2 + 2. Let j(h) = -h**3 + 22*h**2 - h + 20. Let i be j(22). Calculate d(i).
6
Let w(i) = -3*i + 8. Suppose 4*g - 23 = -q, -5*q - 2*g + 39 = -g. Calculate w(q).
-13
Let g(o) = o**3 + o + 4. Let j = -25 - -37. Suppose 9 + j = 3*b. Let u(m) = -m + 7. Let s be u(b). What is g(s)?
4
Let k(r) = 16*r**2 + 2*r - 1. Let x be k(1). Let z(b) = -7*b. Let c(n) = 20*n - 1. Let i(f) = x*z(f) + 6*c(f). Let p = 10 + -5. What is i(p)?
-1
Let y(t) = -t**3 + 3*t**2 - 4. Suppose c - 5*c = 3*a + 3, -9 = -2*a + c. Suppose -a*v + 13 - 4 = 0. Determine y(v).
-4
Let v(n) be the third derivative of -n**4/6 - n**3/6 - n**2. Let d be v(-1). Let y(a) = -1 + a - d + 0*a. Determine y(0).
-4
Let h(u) = -6*u + 5. Suppose 6*s - 12 = 3*s. What is h(s)?
-19
Let j(p) be the second derivative of p**3/6 + 2*p**2 - 2*p. Let h(a) = a**2 + 3*a + 1. Let m be h(-5). Let c = -7 + m. Calculate j(c).
8
Let p(x) be the second derivative of x**7/2520 + x**6/180 + x**5/40 - x**4/6 + x. Let f(b) be the third derivative of p(b). Give f(-5).
8
Let n be (-1)/((-4)/(-72)*3). Let m(b) = b**2 + 5*b - 7. What is m(n)?
-1
Let w(s) = s**2 - 4*s - 8. Suppose 4*t = -4, -l + 0*t + 5*t = -12. Calculate w(l).
13
Let d = -44 - -41. Let k(l) = -l**2 + l**3 - 2*l - 3*l**2 - 2*l**3. Give k(d).
-3
Let p(k) = k**3 - 2*k**2 - 4*k + 3. Let d = 11 - 9. Give p(d).
-5
Let f(t) = -t**3 - 4*t**2 - 3*t - 5. Let c = -8 + 4. What is f(c)?
7
Let r be (-3)/(-6) - -2 - 1. Let u(f) be the first derivative of r*f**2 - 2 + 3*f. Give u(-3).
-6
Let k(d) = d - d + 4*d - 5*d - 2. Let w be k(-6). Let a(m) be the third derivative of m**6/120 - m**5/10 + 5*m**4/24 + m**3/2 + m**2. Determine a(w).
-9
Suppose -4 - 4 = 8*t. Let f(k) = -15*k**2 + 1. Give f(t).
-14
Let o = 7 - 5. Suppose 0 = -5*g - 2*x + 6, -5*x = 12 - o. Let r(k) = -1 - 3*k**3 - 2*k - 3*k**2 + 3*k**g + 0. Give r(-1).
4
Let g be ((-2)/8)/((-17)/136). Let v(z) = 2*z - 1. Give v(g).
3
Let i(p) = 6*p**2 + p - 1. Let s(u) = -u**2 - u. Let h(y) = -i(y) - 3*s(y). What is h(2)?
-7
Let p = 0 - -4. Suppose -2*z - p*r = 2, z + 1 = r + 3. Let d(h) = -2*h**2 + 5*h**2 + 2*h**2. What is d(z)?
5
Let k(w) = 44*w - 3. Let d(s) = 66*s - 5. Let x(p) = 5*d(p) - 8*k(p). Give x(-1).
21
Let q(c) = -c. Let w be q(-4). Suppose 0 = -2*u - 2*g + 16, 5*g = u + w*u. Let z(h) = h**3 - 3*h**2 + 16*h - 31*h + 3 + 10*h. Give z(u).
-1
Let y(h) = -5*h + 3 + 0 - 2 + 6*h. Suppose 5*b + 13 = -7. Let s = b + 2. Determine y(s).
-1
Suppose -4*i = 3*a - 38, -4*a + 7*a - 24 = 3*i. Suppose 0 = -g + 5*m + a, -3*m = -3*g - 2*m + 2. Let j(s) = -s**2 + 2. What is j(g)?
2
Let n(x) = -2*x**2 + x + 1. Let q(r) = r**3 + 5*r**2 - 6*r - 4. Suppose -3*f + 30 = -5*o, -5*o - 22 = f + 8. Let i be q(o). Let s = -2 - i. What is n(s)?
-5
Let o(a) = -6 + 34*a - 16*a - 16*a - a**3 + 3*a**2 + 4. Give o(3).
4
Let q(d) = -2*d + 2. Let u(x) = -3*x + 3. Let k(b) = -6*q(b) + 5*u(b). Suppose -3*p + 3 = -3. Suppose -6*h + h = -4*r - 35, -10 = p*r. Determine k(h).
-6
Let t(i) = 14*i - 3. Let d(q) = -12*q + 3. Let y(w) = 6*d(w) + 5*t(w). Determine y(4).
-5
Let l be -3*(-5 + 0 + 2). Suppose 2*g + l = -1. Let t(a) = 7*a**2 + 10*a + 3. Let o(s) = -s**2 - s - 1. Let z(p) = 6*o(p) + t(p). Calculate z(g).
2
Let w(a) = -4*a - 2. Let x(g) = 2*g + 1. Let r(v) = -6*w(v) - 11*x(v). Determine r(-5).
-9
Let w(a) be the third derivative of -a**6/120 - 7*a**5/60 - 5*a**4/24 + 4*a**3/3 + 3*a**2. Let s be -1*(-18)/(-12)*(4 - 0). Determine w(s).
2
Let h(y) = -y**2 + y + 1. Suppose 3 = 3*x - 5*m, 0*m + m - 1 = -x. Let o(j) = j**3 + 2*j**2 + 2*j. Let g(l) = x*o(l) - h(l). Determine g(-2).
1
Let t be -1 + 2 + -2 + 2. Suppose 0 = 2*r + t + 3. Let d(b) = -b - 1. Let m be d(r). Let x(o) = 2*o. What is x(m)?
2
Let n(b) be the third derivative of -b**5/60 - b**4/24 + 5*b**3/6 + 7*b**2. Give n(0).
5
Let n(p) = 3*p**2. Suppose 4*t - 5 = -t. Calculate n(t).
3
Let b(q) = -5*q - 2. Let o(a) = 9*a. Let f(l) = -l - 1. Let v(y) = -5*f(y) + o(y). Let w(i) = 8*b(i) + 3*v(i). Determine w(3).
5
Suppose z - 16 = -2*g, 0 = 2*z - 0*g - 5*g + 4. Let k be (z/10)/(1/5). Let y(w) = 0*w**2 + w**3 - 6*w + 0 - 5 + k*w**2. Give y(-5).
0
Let v(o) = o - 10. Let l be v(8). Let r = l + 2. Let w(a) = a**2 - a - 10. What is w(r)?
-10
Let z(q) = 3*q - 2. Let b be z(-1). Let v(l) = -l**2 - 3*l + 6. Calculate v(b).
-4
Let m(s) be the third derivative of s**6/720 - s**4/12 - s**2. Let d(v) be the second derivative of m(v). Let n(x) = x - 7. Let c be n(9). Determine d(c).
2
Let h(l) be the second derivative of -l**3/6 + 23*l - 1. Calculate h(-1).
1
Let h(v) = -v**2 - 4*v - 1. Suppose a + 8 = 2*s, 0*a - 14 = -3*s + 2*a. Suppose -s*n - 6 = 0, -3*q = -q + 2*n. Suppose -16 = q*i - 4. Give h(i).
-1
Suppose -4*p + 11 = -1, 4*y + 3*p - 17 = 0. Let b(k) be the first derivative of 6 + k - k**y + 0 - 4. Determine b(-2).
5
Let r(m) = 4*m - 2. Let v(g) = -1. Suppose y + 4 = -u, -u + 2 = -y - 4*y. Let z(t) = y*r(t) + 3*v(t). Determine z(-1).
3
Suppose 2*j + 2*h - 2 = 6, 0 = -4*h 